r when 1906 is divided by 23?
20
Calculate the remainder when 92 is divided by 19.
16
Calculate the remainder when 624 is divided by 98.
36
Calculate the remainder when 17816 is divided by 151.
149
What is the remainder when 522 is divided by 86?
6
Calculate the remainder when 48 is divided by 14.
6
Calculate the remainder when 1470 is divided by 211.
204
What is the remainder when 186 is divided by 52?
30
Calculate the remainder when 2310 is divided by 136.
134
What is the remainder when 12 is divided by 6?
0
What is the remainder when 165 is divided by 54?
3
What is the remainder when 1369 is divided by 153?
145
Calculate the remainder when 4387 is divided by 129.
1
Calculate the remainder when 876 is divided by 80.
76
What is the remainder when 69 is divided by 37?
32
Calculate the remainder when 377 is divided by 356.
21
Calculate the remainder when 125 is divided by 7.
6
What is the remainder when 231 is divided by 60?
51
What is the remainder when 2575 is divided by 851?
22
What is the remainder when 282 is divided by 57?
54
What is the remainder when 39 is divided by 29?
10
Calculate the remainder when 7 is divided by 1.
0
What is the remainder when 1164 is divided by 582?
0
Calculate the remainder when 53123 is divided by 85.
83
Calculate the remainder when 428 is divided by 215.
213
What is the remainder when 9908 is divided by 27?
26
Calculate the remainder when 2631 is divided by 15.
6
Calculate the remainder when 88 is divided by 16.
8
What is the remainder when 30 is divided by 3?
0
What is the remainder when 50 is divided by 36?
14
Calculate the remainder when 332 is divided by 59.
37
Calculate the remainder when 429 is divided by 24.
21
What is the remainder when 47 is divided by 12?
11
What is the remainder when 137 is divided by 48?
41
Calculate the remainder when 1033 is divided by 79.
6
What is the remainder when 2820 is divided by 1399?
22
What is the remainder when 86 is divided by 22?
20
Calculate the remainder when 483 is divided by 97.
95
Calculate the remainder when 535 is divided by 14.
3
What is the remainder when 176 is divided by 45?
41
Calculate the remainder when 2389 is divided by 92.
89
Calculate the remainder when 377 is divided by 70.
27
Calculate the remainder when 3118 is divided by 14.
10
Calculate the remainder when 476 is divided by 471.
5
Calculate the remainder when 69 is divided by 13.
4
Calculate the remainder when 530 is divided by 14.
12
Calculate the remainder when 1220 is divided by 9.
5
What is the remainder when 557 is divided by 70?
67
Calculate the remainder when 1210 is divided by 12.
10
Calculate the remainder when 3210 is divided by 27.
24
Calculate the remainder when 869 is divided by 46.
41
What is the remainder when 710 is divided by 51?
47
Calculate the remainder when 35099 is divided by 15.
14
Calculate the remainder when 342 is divided by 322.
20
What is the remainder when 80 is divided by 29?
22
Calculate the remainder when 1075 is divided by 14.
11
What is the remainder when 2 is divided by 2?
0
Calculate the remainder when 768 is divided by 172.
80
Calculate the remainder when 559 is divided by 64.
47
Calculate the remainder when 1949 is divided by 32.
29
What is the remainder when 134 is divided by 68?
66
Calculate the remainder when 40093 is divided by 179.
176
What is the remainder when 10059 is divided by 9?
6
Calculate the remainder when 686 is divided by 77.
70
Calculate the remainder when 149 is divided by 16.
5
What is the remainder when 90 is divided by 24?
18
Calculate the remainder when 47 is divided by 4.
3
Calculate the remainder when 232 is divided by 65.
37
Calculate the remainder when 183 is divided by 11.
7
Calculate the remainder when 120 is divided by 93.
27
What is the remainder when 182 is divided by 49?
35
Calculate the remainder when 3059 is divided by 60.
59
Calculate the remainder when 2140 is divided by 155.
125
Calculate the remainder when 13453 is divided by 116.
113
What is the remainder when 303 is divided by 59?
8
What is the remainder when 579 is divided by 93?
21
What is the remainder when 123 is divided by 1?
0
What is the remainder when 111 is divided by 6?
3
Calculate the remainder when 153 is divided by 101.
52
Calculate the remainder when 5831 is divided by 108.
107
What is the remainder when 835 is divided by 212?
199
Calculate the remainder when 199 is divided by 101.
98
What is the remainder when 97 is divided by 10?
7
Calculate the remainder when 1000 is divided by 77.
76
Calculate the remainder when 5032 is divided by 2513.
6
Calculate the remainder when 1455 is divided by 47.
45
What is the remainder when 777 is divided by 64?
9
Calculate the remainder when 3319 is divided by 83.
82
What is the remainder when 318 is divided by 309?
9
Calculate the remainder when 124 is divided by 7.
5
Calculate the remainder when 75 is divided by 19.
18
What is the remainder when 71 is divided by 56?
15
What is the remainder when 263 is divided by 17?
8
Calculate the remainder when 5651 is divided by 18.
17
What is the remainder when 4396 is divided by 628?
0
What is the remainder when 702 is divided by 64?
62
What is the remainder when 1469 is divided by 32?
29
Calculate the remainder when 6069 is divided by 98.
91
Calculate the remainder when 8253 is divided by 86.
83
What is the remainder when 888 is divided by 438?
12
Calculate the remainder when 12 is divided by 7.
5
What is the remainder when 1730 is divided by 14?
8
Calculate the remainder when 28 is divided by 24.
4
What is the remainder when 439 is divided by 21?
19
Calculate the remainder when 9076 is divided by 7.
4
Calculate the remainder when 1159 is divided by 27.
25
What is the remainder when 133 is divided by 69?
64
Calculate the remainder when 52 is divided by 16.
4
Calculate the remainder when 87 is divided by 26.
9
Calculate the remainder when 23892 is divided by 27.
24
What is the remainder when 175 is divided by 98?
77
What is the remainder when 248 is divided by 6?
2
Calculate the remainder when 526 is divided by 135.
121
Calculate the remainder when 1043 is divided by 87.
86
Calculate the remainder when 183 is divided by 183.
0
Calculate the remainder when 26791 is divided by 17.
16
What is the remainder when 50 is divided by 20?
10
What is the remainder when 211 is divided by 20?
11
Calculate the remainder when 3248 is divided by 19.
18
Calculate the remainder when 11068 is divided by 82.
80
What is the remainder when 4926 is divided by 56?
54
What is the remainder when 9357 is divided by 117?
114
What is the remainder when 7488 is divided by 70?
68
Calculate the remainder when 260 is divided by 85.
5
What is the remainder when 3475 is divided by 60?
55
What is the remainder when 819 is divided by 279?
261
Calculate the remainder when 2615 is divided by 57.
50
What is the remainder when 123 is divided by 123?
0
What is the remainder when 208 is divided by 66?
10
Calculate the remainder when 518 is divided by 34.
8
Calculate the remainder when 2650 is divided by 26.
24
What is the remainder when 163 is divided by 127?
36
Calculate the remainder when 286 is divided by 74.
64
What is the remainder when 93 is divided by 50?
43
Calculate the remainder when 37 is divided by 22.
15
What is the remainder when 129 is divided by 45?
39
What is the remainder when 217 is divided by 69?
10
What is the remainder when 122 is divided by 93?
29
What is the remainder when 208 is divided by 5?
3
What is the remainder when 170 is divided by 36?
26
What is the remainder when 550 is divided by 81?
64
What is the remainder when 336 is divided by 274?
62
Calculate the remainder when 21 is divided by 15.
6
What is the remainder when 4241 is divided by 42?
41
Calculate the remainder when 2947 is divided by 10.
7
What is the remainder when 1547 is divided by 256?
11
Calculate the remainder when 21843 is divided by 43.
42
Calculate the remainder when 758 is divided by 76.
74
What is the remainder when 339 is divided by 83?
7
What is the remainder when 6998 is divided by 8?
6
What is the remainder when 49 is divided by 22?
5
Calculate the remainder when 406 is divided by 37.
36
What is the remainder when 1758 is divided by 428?
46
What is the remainder when 36 is divided by 10?
6
What is the remainder wh